{"id":519,"date":"2022-09-06T19:07:26","date_gmt":"2022-09-06T16:07:26","guid":{"rendered":"https:\/\/activemakina.com\/?page_id=519"},"modified":"2022-09-27T17:57:23","modified_gmt":"2022-09-27T14:57:23","slug":"active-tekstil-san-tic-ltd-sti","status":"publish","type":"page","link":"https:\/\/activemakina.com\/index.php\/active-tekstil-san-tic-ltd-sti\/","title":{"rendered":"Active Tekstil San. Tic. Ltd. \u015eti.\u200b"},"content":{"rendered":"\t\t<div data-elementor-type=\"wp-page\" data-elementor-id=\"519\" class=\"elementor elementor-519\">\n\t\t\t\t\t\t<section class=\"elementor-section elementor-top-section elementor-element elementor-element-3852cb7 elementor-section-boxed elementor-section-height-default elementor-section-height-default\" data-id=\"3852cb7\" data-element_type=\"section\" data-e-type=\"section\">\n\t\t\t\t\t\t<div class=\"elementor-container elementor-column-gap-default\">\n\t\t\t\t\t<div class=\"elementor-column elementor-col-100 elementor-top-column elementor-element elementor-element-45e585e\" data-id=\"45e585e\" data-element_type=\"column\" data-e-type=\"column\">\n\t\t\t<div class=\"elementor-widget-wrap elementor-element-populated\">\n\t\t\t\t\t\t<div class=\"elementor-element elementor-element-e5431fc elementor-widget elementor-widget-heading\" data-id=\"e5431fc\" data-element_type=\"widget\" data-e-type=\"widget\" data-widget_type=\"heading.default\">\n\t\t\t\t<div class=\"elementor-widget-container\">\n\t\t\t\t\t<h5 class=\"elementor-heading-title elementor-size-default\">Active Makina Tekstil San. Tic. Ltd. \u015eti.<\/h5>\t\t\t\t<\/div>\n\t\t\t\t<\/div>\n\t\t\t\t<div class=\"elementor-element elementor-element-97ee316 elementor-widget elementor-widget-heading\" data-id=\"97ee316\" data-element_type=\"widget\" data-e-type=\"widget\" data-widget_type=\"heading.default\">\n\t\t\t\t<div class=\"elementor-widget-container\">\n\t\t\t\t\t<h2 class=\"elementor-heading-title elementor-size-default\">Hakk\u0131m\u0131zda<\/h2>\t\t\t\t<\/div>\n\t\t\t\t<\/div>\n\t\t\t\t\t<\/div>\n\t\t<\/div>\n\t\t\t\t\t<\/div>\n\t\t<\/section>\n\t\t\t\t<section class=\"elementor-section elementor-top-section elementor-element elementor-element-e301c54 elementor-section-boxed elementor-section-height-default elementor-section-height-default\" data-id=\"e301c54\" data-element_type=\"section\" data-e-type=\"section\">\n\t\t\t\t\t\t<div class=\"elementor-container elementor-column-gap-default\">\n\t\t\t\t\t<div class=\"elementor-column elementor-col-50 elementor-top-column elementor-element elementor-element-593e690\" data-id=\"593e690\" data-element_type=\"column\" data-e-type=\"column\">\n\t\t\t<div class=\"elementor-widget-wrap elementor-element-populated\">\n\t\t\t\t\t\t<div class=\"elementor-element elementor-element-dd0fdad elementor-widget elementor-widget-text-editor\" data-id=\"dd0fdad\" data-element_type=\"widget\" data-e-type=\"widget\" data-widget_type=\"text-editor.default\">\n\t\t\t\t<div class=\"elementor-widget-container\">\n\t\t\t\t\t\t\t\t\t<p><span style=\"color: #000000;\">1984 y\u0131l\u0131nda ba\u015flayan mesleki faaliyetlerimiz 33 y\u0131lda dokuma ve d\u00fcz \u00f6rme kuma\u015f, teknik tekstillerde dokunmu\u015f ve \u00f6r\u00fclm\u00fc\u015f kuma\u015flar\u0131n haz\u0131rl\u0131k a\u015famas\u0131nda sizler i\u00e7in zirve de daha ileri tekniklerin geli\u015ftirilmesinde ve zaman kay\u0131plar\u0131n\u0131n azalt\u0131lmas\u0131 noktas\u0131nda bizleri ileri ta\u015f\u0131m\u0131\u015ft\u0131r. T\u00fcrkiye&#8217;de geli\u015ftirdi\u011fimiz \u00fcr\u00fcnler ve \u00e7al\u0131\u015fan sistemlerin \u00fczerinde yapt\u0131\u011f\u0131m\u0131z \u00e7al\u0131\u015fmalar 2016 y\u0131l\u0131nda <b>&#8220;T\u00fcrk Patent ve Marka Kurumu&#8221;<\/b>ndan ald\u0131\u011f\u0131m\u0131z<b> &#8220;Faydal\u0131 Model Belgesi&#8221;<\/b> ile T\u00fcrk ve D\u00fcnya tekstil sekt\u00f6r\u00fcne \u00fcretim kalitesini art\u0131rmak amac\u0131 ile \u00fcretilmektedirler. Dokuma makinalar\u0131n\u0131n h\u0131zl\u0131 d\u00fc\u011f\u00fcm yapabilmeleri i\u00e7in geli\u015ftirdi\u011fimiz farkl\u0131 tip ve markalardaki d\u00fc\u011f\u00fcm makinalar\u0131 \u00c7\u00f6zg\u00fc D\u00fc\u011f\u00fcm Sehpalar\u0131 kayar ve lineer sistem olarak geli\u015ftirilmekte ve imalat\u0131 yap\u0131lmaktad\u0131r. \u00d6zel tasar\u0131m d\u00fc\u011f\u00fcm sehpalar\u0131 gibi..<\/span><\/p>\t\t\t\t\t\t\t\t<\/div>\n\t\t\t\t<\/div>\n\t\t\t\t\t<\/div>\n\t\t<\/div>\n\t\t\t\t<div class=\"elementor-column elementor-col-50 elementor-top-column elementor-element elementor-element-0d74ec2\" data-id=\"0d74ec2\" data-element_type=\"column\" data-e-type=\"column\">\n\t\t\t<div class=\"elementor-widget-wrap elementor-element-populated\">\n\t\t\t\t\t\t<div class=\"elementor-element elementor-element-cd9732e elementor-widget elementor-widget-image\" data-id=\"cd9732e\" data-element_type=\"widget\" data-e-type=\"widget\" data-widget_type=\"image.default\">\n\t\t\t\t<div class=\"elementor-widget-container\">\n\t\t\t\t\t\t\t\t\t\t\t\t\t\t\t<img fetchpriority=\"high\" decoding=\"async\" width=\"212\" height=\"300\" src=\"https:\/\/activemakina.com\/wp-content\/uploads\/2017\/09\/Scan0002-212x300.jpg\" class=\"attachment-medium size-medium wp-image-403\" alt=\"\" srcset=\"https:\/\/activemakina.com\/wp-content\/uploads\/2017\/09\/Scan0002-212x300.jpg 212w, https:\/\/activemakina.com\/wp-content\/uploads\/2017\/09\/Scan0002-768x1086.jpg 768w, https:\/\/activemakina.com\/wp-content\/uploads\/2017\/09\/Scan0002-724x1024.jpg 724w, https:\/\/activemakina.com\/wp-content\/uploads\/2017\/09\/Scan0002-543x768.jpg 543w, https:\/\/activemakina.com\/wp-content\/uploads\/2017\/09\/Scan0002-191x270.jpg 191w\" sizes=\"(max-width: 212px) 100vw, 212px\" \/>\t\t\t\t\t\t\t\t\t\t\t\t\t\t\t<\/div>\n\t\t\t\t<\/div>\n\t\t\t\t\t<\/div>\n\t\t<\/div>\n\t\t\t\t\t<\/div>\n\t\t<\/section>\n\t\t\t\t<section class=\"elementor-section elementor-top-section elementor-element elementor-element-bb88e06 elementor-section-boxed elementor-section-height-default elementor-section-height-default\" data-id=\"bb88e06\" data-element_type=\"section\" data-e-type=\"section\">\n\t\t\t\t\t\t<div class=\"elementor-container elementor-column-gap-default\">\n\t\t\t\t\t<div class=\"elementor-column elementor-col-100 elementor-top-column elementor-element elementor-element-fb5e1ab\" data-id=\"fb5e1ab\" data-element_type=\"column\" data-e-type=\"column\">\n\t\t\t<div class=\"elementor-widget-wrap elementor-element-populated\">\n\t\t\t\t\t\t<div class=\"elementor-element elementor-element-0306928 elementor-widget elementor-widget-heading\" data-id=\"0306928\" data-element_type=\"widget\" data-e-type=\"widget\" data-widget_type=\"heading.default\">\n\t\t\t\t<div class=\"elementor-widget-container\">\n\t\t\t\t\t<h5 class=\"elementor-heading-title elementor-size-default\">Vizyonumuz &amp; Misyonumuz<\/h5>\t\t\t\t<\/div>\n\t\t\t\t<\/div>\n\t\t\t\t<div class=\"elementor-element elementor-element-29113da elementor-widget elementor-widget-heading\" data-id=\"29113da\" data-element_type=\"widget\" data-e-type=\"widget\" data-widget_type=\"heading.default\">\n\t\t\t\t<div class=\"elementor-widget-container\">\n\t\t\t\t\t<h2 class=\"elementor-heading-title elementor-size-default\">Vizyon &amp; Misyon<\/h2>\t\t\t\t<\/div>\n\t\t\t\t<\/div>\n\t\t\t\t\t<\/div>\n\t\t<\/div>\n\t\t\t\t\t<\/div>\n\t\t<\/section>\n\t\t\t\t<section class=\"elementor-section elementor-top-section elementor-element elementor-element-d2f4fc1 elementor-section-boxed elementor-section-height-default elementor-section-height-default\" data-id=\"d2f4fc1\" data-element_type=\"section\" data-e-type=\"section\">\n\t\t\t\t\t\t<div class=\"elementor-container elementor-column-gap-default\">\n\t\t\t\t\t<div class=\"elementor-column elementor-col-50 elementor-top-column elementor-element elementor-element-1441b16\" data-id=\"1441b16\" data-element_type=\"column\" data-e-type=\"column\">\n\t\t\t<div class=\"elementor-widget-wrap elementor-element-populated\">\n\t\t\t\t\t\t<div class=\"elementor-element elementor-element-cbc9d35 elementor-widget elementor-widget-heading\" data-id=\"cbc9d35\" data-element_type=\"widget\" data-e-type=\"widget\" data-widget_type=\"heading.default\">\n\t\t\t\t<div class=\"elementor-widget-container\">\n\t\t\t\t\t<h6 class=\"elementor-heading-title elementor-size-default\">Gelece\u011fe Dair...<\/h6>\t\t\t\t<\/div>\n\t\t\t\t<\/div>\n\t\t\t\t<div class=\"elementor-element elementor-element-f4e7284 elementor-widget elementor-widget-heading\" data-id=\"f4e7284\" data-element_type=\"widget\" data-e-type=\"widget\" data-widget_type=\"heading.default\">\n\t\t\t\t<div class=\"elementor-widget-container\">\n\t\t\t\t\t<h3 class=\"elementor-heading-title elementor-size-default\">Vizyonumuz<\/h3>\t\t\t\t<\/div>\n\t\t\t\t<\/div>\n\t\t\t\t<div class=\"elementor-element elementor-element-df8a256 elementor-widget elementor-widget-text-editor\" data-id=\"df8a256\" data-element_type=\"widget\" data-e-type=\"widget\" data-widget_type=\"text-editor.default\">\n\t\t\t\t<div class=\"elementor-widget-container\">\n\t\t\t\t\t\t\t\t\t<p><span style=\"color: #000000;\">T\u00fcrk ve D\u00fcnya tekstil sekt\u00f6r\u00fcnde \u00fcretim kalitesini artt\u0131rmak ve zaman kay\u0131plar\u0131n\u0131 azaltmak.<\/span><\/p>\t\t\t\t\t\t\t\t<\/div>\n\t\t\t\t<\/div>\n\t\t\t\t<div class=\"elementor-element elementor-element-18510ac elementor-widget elementor-widget-heading\" data-id=\"18510ac\" data-element_type=\"widget\" data-e-type=\"widget\" data-widget_type=\"heading.default\">\n\t\t\t\t<div class=\"elementor-widget-container\">\n\t\t\t\t\t<h6 class=\"elementor-heading-title elementor-size-default\">Geldi\u011fimiz Konum...<\/h6>\t\t\t\t<\/div>\n\t\t\t\t<\/div>\n\t\t\t\t<div class=\"elementor-element elementor-element-28c5c56 elementor-widget elementor-widget-heading\" data-id=\"28c5c56\" data-element_type=\"widget\" data-e-type=\"widget\" data-widget_type=\"heading.default\">\n\t\t\t\t<div class=\"elementor-widget-container\">\n\t\t\t\t\t<h3 class=\"elementor-heading-title elementor-size-default\">Misyonumuz<\/h3>\t\t\t\t<\/div>\n\t\t\t\t<\/div>\n\t\t\t\t<div class=\"elementor-element elementor-element-b8e9c8f elementor-widget elementor-widget-text-editor\" data-id=\"b8e9c8f\" data-element_type=\"widget\" data-e-type=\"widget\" data-widget_type=\"text-editor.default\">\n\t\t\t\t<div class=\"elementor-widget-container\">\n\t\t\t\t\t\t\t\t\t<p><span style=\"color: #000000;\">Active Makina olarak tekstil sekt\u00f6r\u00fcnde \u00fcretti\u011fimiz ve \u00e7al\u0131\u015fan sistemler \u00fczerinde yapt\u0131\u011f\u0131m\u0131z yeni teknolojik \u00fcr\u00fcnler ile firmalara h\u0131zl\u0131, kaliteli, zaman kayb\u0131n\u0131 \u00f6nleyen ve verimlili\u011fi artt\u0131ran \u00e7\u00f6z\u00fcmler sa\u011flamak, tekstil sekt\u00f6r\u00fcne yenilikler sunacak \u00fcr\u00fcn ve \u00e7al\u0131\u015fmalar yapmak.<\/span><\/p>\t\t\t\t\t\t\t\t<\/div>\n\t\t\t\t<\/div>\n\t\t\t\t\t<\/div>\n\t\t<\/div>\n\t\t\t\t<div class=\"elementor-column elementor-col-50 elementor-top-column elementor-element elementor-element-2d8edf0\" data-id=\"2d8edf0\" data-element_type=\"column\" data-e-type=\"column\">\n\t\t\t<div class=\"elementor-widget-wrap elementor-element-populated\">\n\t\t\t\t\t\t<div class=\"elementor-element elementor-element-1d10811 elementor-widget elementor-widget-image\" data-id=\"1d10811\" data-element_type=\"widget\" data-e-type=\"widget\" data-widget_type=\"image.default\">\n\t\t\t\t<div class=\"elementor-widget-container\">\n\t\t\t\t\t\t\t\t\t\t\t\t\t\t\t<img decoding=\"async\" width=\"900\" height=\"601\" src=\"https:\/\/activemakina.com\/wp-content\/uploads\/2022\/09\/pamukgrup_vizyon_misyon_bg.webp\" class=\"attachment-full size-full wp-image-528\" alt=\"\" srcset=\"https:\/\/activemakina.com\/wp-content\/uploads\/2022\/09\/pamukgrup_vizyon_misyon_bg.webp 900w, https:\/\/activemakina.com\/wp-content\/uploads\/2022\/09\/pamukgrup_vizyon_misyon_bg-300x200.webp 300w, https:\/\/activemakina.com\/wp-content\/uploads\/2022\/09\/pamukgrup_vizyon_misyon_bg-768x513.webp 768w, https:\/\/activemakina.com\/wp-content\/uploads\/2022\/09\/pamukgrup_vizyon_misyon_bg-272x182.webp 272w\" sizes=\"(max-width: 900px) 100vw, 900px\" \/>\t\t\t\t\t\t\t\t\t\t\t\t\t\t\t<\/div>\n\t\t\t\t<\/div>\n\t\t\t\t\t<\/div>\n\t\t<\/div>\n\t\t\t\t\t<\/div>\n\t\t<\/section>\n\t\t\t\t<section class=\"elementor-section elementor-top-section elementor-element elementor-element-9d14171 elementor-section-boxed elementor-section-height-default elementor-section-height-default\" data-id=\"9d14171\" data-element_type=\"section\" data-e-type=\"section\">\n\t\t\t\t\t\t<div class=\"elementor-container elementor-column-gap-default\">\n\t\t\t\t\t<div class=\"elementor-column elementor-col-100 elementor-top-column elementor-element elementor-element-a9fc85e\" data-id=\"a9fc85e\" data-element_type=\"column\" data-e-type=\"column\">\n\t\t\t<div class=\"elementor-widget-wrap elementor-element-populated\">\n\t\t\t\t\t\t<div class=\"elementor-element elementor-element-9e316b5 elementor-widget elementor-widget-heading\" data-id=\"9e316b5\" data-element_type=\"widget\" data-e-type=\"widget\" data-widget_type=\"heading.default\">\n\t\t\t\t<div class=\"elementor-widget-container\">\n\t\t\t\t\t<h5 class=\"elementor-heading-title elementor-size-default\">Tamamlad\u0131\u011f\u0131m\u0131z \u0130\u015fler<\/h5>\t\t\t\t<\/div>\n\t\t\t\t<\/div>\n\t\t\t\t<div class=\"elementor-element elementor-element-6520eca elementor-widget elementor-widget-heading\" data-id=\"6520eca\" data-element_type=\"widget\" data-e-type=\"widget\" data-widget_type=\"heading.default\">\n\t\t\t\t<div class=\"elementor-widget-container\">\n\t\t\t\t\t<h2 class=\"elementor-heading-title elementor-size-default\">Galeri<\/h2>\t\t\t\t<\/div>\n\t\t\t\t<\/div>\n\t\t\t\t\t<\/div>\n\t\t<\/div>\n\t\t\t\t\t<\/div>\n\t\t<\/section>\n\t\t\t\t<section class=\"elementor-section elementor-top-section elementor-element elementor-element-8cf2638 elementor-section-boxed elementor-section-height-default elementor-section-height-default\" data-id=\"8cf2638\" data-element_type=\"section\" data-e-type=\"section\">\n\t\t\t\t\t\t<div class=\"elementor-container elementor-column-gap-default\">\n\t\t\t\t\t<div class=\"elementor-column elementor-col-100 elementor-top-column elementor-element elementor-element-f9d1d8b\" data-id=\"f9d1d8b\" data-element_type=\"column\" data-e-type=\"column\">\n\t\t\t<div class=\"elementor-widget-wrap elementor-element-populated\">\n\t\t\t\t\t\t<div class=\"elementor-element elementor-element-19f0a7a elementor-arrows-position-inside elementor-pagination-position-outside elementor-widget elementor-widget-image-carousel\" data-id=\"19f0a7a\" data-element_type=\"widget\" data-e-type=\"widget\" data-settings=\"{&quot;slides_to_show&quot;:&quot;10&quot;,&quot;slides_to_scroll&quot;:&quot;10&quot;,&quot;image_spacing_custom&quot;:{&quot;unit&quot;:&quot;px&quot;,&quot;size&quot;:10,&quot;sizes&quot;:[]},&quot;navigation&quot;:&quot;both&quot;,&quot;autoplay&quot;:&quot;yes&quot;,&quot;pause_on_hover&quot;:&quot;yes&quot;,&quot;pause_on_interaction&quot;:&quot;yes&quot;,&quot;autoplay_speed&quot;:5000,&quot;infinite&quot;:&quot;yes&quot;,&quot;speed&quot;:500,&quot;image_spacing_custom_tablet&quot;:{&quot;unit&quot;:&quot;px&quot;,&quot;size&quot;:&quot;&quot;,&quot;sizes&quot;:[]},&quot;image_spacing_custom_mobile&quot;:{&quot;unit&quot;:&quot;px&quot;,&quot;size&quot;:&quot;&quot;,&quot;sizes&quot;:[]}}\" data-widget_type=\"image-carousel.default\">\n\t\t\t\t<div class=\"elementor-widget-container\">\n\t\t\t\t\t\t\t<div class=\"elementor-image-carousel-wrapper swiper\" role=\"region\" aria-roledescription=\"carousel\" aria-label=\"Resim D\u00f6ng\u00fcs\u00fc\" dir=\"ltr\">\n\t\t\t<div class=\"elementor-image-carousel swiper-wrapper\" aria-live=\"off\">\n\t\t\t\t\t\t\t\t<div class=\"swiper-slide\" role=\"group\" aria-roledescription=\"slide\" aria-label=\"1 \/ 22\"><figure class=\"swiper-slide-inner\"><img decoding=\"async\" class=\"swiper-slide-image\" src=\"https:\/\/activemakina.com\/wp-content\/uploads\/2017\/09\/foto_galeri_22-150x150.jpg\" alt=\"foto_galeri_22\" \/><\/figure><\/div><div class=\"swiper-slide\" role=\"group\" aria-roledescription=\"slide\" aria-label=\"2 \/ 22\"><figure class=\"swiper-slide-inner\"><img decoding=\"async\" class=\"swiper-slide-image\" src=\"https:\/\/activemakina.com\/wp-content\/uploads\/2017\/09\/foto_galeri_21-150x150.jpg\" alt=\"foto_galeri_21\" \/><\/figure><\/div><div class=\"swiper-slide\" role=\"group\" aria-roledescription=\"slide\" aria-label=\"3 \/ 22\"><figure class=\"swiper-slide-inner\"><img decoding=\"async\" class=\"swiper-slide-image\" src=\"https:\/\/activemakina.com\/wp-content\/uploads\/2017\/09\/foto_galeri_20-150x150.jpg\" alt=\"foto_galeri_20\" \/><\/figure><\/div><div class=\"swiper-slide\" role=\"group\" aria-roledescription=\"slide\" aria-label=\"4 \/ 22\"><figure class=\"swiper-slide-inner\"><img decoding=\"async\" class=\"swiper-slide-image\" src=\"https:\/\/activemakina.com\/wp-content\/uploads\/2017\/09\/foto_galeri_19-150x150.jpg\" alt=\"foto_galeri_19\" \/><\/figure><\/div><div class=\"swiper-slide\" role=\"group\" aria-roledescription=\"slide\" aria-label=\"5 \/ 22\"><figure class=\"swiper-slide-inner\"><img decoding=\"async\" class=\"swiper-slide-image\" src=\"https:\/\/activemakina.com\/wp-content\/uploads\/2017\/09\/foto_galeri_18-150x150.jpg\" alt=\"foto_galeri_18\" \/><\/figure><\/div><div class=\"swiper-slide\" role=\"group\" aria-roledescription=\"slide\" aria-label=\"6 \/ 22\"><figure class=\"swiper-slide-inner\"><img decoding=\"async\" class=\"swiper-slide-image\" src=\"https:\/\/activemakina.com\/wp-content\/uploads\/2017\/09\/foto_galeri_17-150x150.jpg\" alt=\"foto_galeri_17\" \/><\/figure><\/div><div class=\"swiper-slide\" role=\"group\" aria-roledescription=\"slide\" aria-label=\"7 \/ 22\"><figure class=\"swiper-slide-inner\"><img decoding=\"async\" class=\"swiper-slide-image\" src=\"https:\/\/activemakina.com\/wp-content\/uploads\/2017\/09\/foto_galeri_16-150x150.jpg\" alt=\"foto_galeri_16\" \/><\/figure><\/div><div class=\"swiper-slide\" role=\"group\" aria-roledescription=\"slide\" aria-label=\"8 \/ 22\"><figure class=\"swiper-slide-inner\"><img decoding=\"async\" class=\"swiper-slide-image\" src=\"https:\/\/activemakina.com\/wp-content\/uploads\/2017\/09\/foto_galeri_15-150x150.jpg\" alt=\"foto_galeri_15\" \/><\/figure><\/div><div class=\"swiper-slide\" role=\"group\" aria-roledescription=\"slide\" aria-label=\"9 \/ 22\"><figure class=\"swiper-slide-inner\"><img decoding=\"async\" class=\"swiper-slide-image\" src=\"https:\/\/activemakina.com\/wp-content\/uploads\/2017\/09\/foto_galeri_14-150x150.jpg\" alt=\"foto_galeri_14\" \/><\/figure><\/div><div class=\"swiper-slide\" role=\"group\" aria-roledescription=\"slide\" aria-label=\"10 \/ 22\"><figure class=\"swiper-slide-inner\"><img decoding=\"async\" class=\"swiper-slide-image\" src=\"https:\/\/activemakina.com\/wp-content\/uploads\/2017\/09\/foto_galeri_13-150x150.jpg\" alt=\"foto_galeri_13\" \/><\/figure><\/div><div class=\"swiper-slide\" role=\"group\" aria-roledescription=\"slide\" aria-label=\"11 \/ 22\"><figure class=\"swiper-slide-inner\"><img decoding=\"async\" class=\"swiper-slide-image\" src=\"https:\/\/activemakina.com\/wp-content\/uploads\/2017\/09\/foto_galeri_12-150x150.jpg\" alt=\"foto_galeri_12\" \/><\/figure><\/div><div class=\"swiper-slide\" role=\"group\" aria-roledescription=\"slide\" aria-label=\"12 \/ 22\"><figure class=\"swiper-slide-inner\"><img decoding=\"async\" class=\"swiper-slide-image\" src=\"https:\/\/activemakina.com\/wp-content\/uploads\/2017\/09\/foto_galeri_11-150x150.jpg\" alt=\"Active Tekstil San. Tic. Ltd. \u015eti.\u200b\" \/><\/figure><\/div><div class=\"swiper-slide\" role=\"group\" aria-roledescription=\"slide\" aria-label=\"13 \/ 22\"><figure class=\"swiper-slide-inner\"><img decoding=\"async\" class=\"swiper-slide-image\" src=\"https:\/\/activemakina.com\/wp-content\/uploads\/2017\/09\/foto_galeri_10-150x150.jpg\" alt=\"foto_galeri_10\" \/><\/figure><\/div><div class=\"swiper-slide\" role=\"group\" aria-roledescription=\"slide\" aria-label=\"14 \/ 22\"><figure class=\"swiper-slide-inner\"><img decoding=\"async\" class=\"swiper-slide-image\" src=\"https:\/\/activemakina.com\/wp-content\/uploads\/2017\/09\/foto_galeri_9-150x150.jpg\" alt=\"foto_galeri_9\" \/><\/figure><\/div><div class=\"swiper-slide\" role=\"group\" aria-roledescription=\"slide\" aria-label=\"15 \/ 22\"><figure class=\"swiper-slide-inner\"><img decoding=\"async\" class=\"swiper-slide-image\" src=\"https:\/\/activemakina.com\/wp-content\/uploads\/2017\/09\/foto_galeri_8-150x150.jpg\" alt=\"foto_galeri_8\" \/><\/figure><\/div><div class=\"swiper-slide\" role=\"group\" aria-roledescription=\"slide\" aria-label=\"16 \/ 22\"><figure class=\"swiper-slide-inner\"><img decoding=\"async\" class=\"swiper-slide-image\" src=\"https:\/\/activemakina.com\/wp-content\/uploads\/2017\/09\/foto_galeri_7-150x150.jpg\" alt=\"foto_galeri_7\" \/><\/figure><\/div><div class=\"swiper-slide\" role=\"group\" aria-roledescription=\"slide\" aria-label=\"17 \/ 22\"><figure class=\"swiper-slide-inner\"><img decoding=\"async\" class=\"swiper-slide-image\" src=\"https:\/\/activemakina.com\/wp-content\/uploads\/2017\/09\/foto_galeri_6-150x150.jpg\" alt=\"foto_galeri_6\" \/><\/figure><\/div><div class=\"swiper-slide\" role=\"group\" aria-roledescription=\"slide\" aria-label=\"18 \/ 22\"><figure class=\"swiper-slide-inner\"><img decoding=\"async\" class=\"swiper-slide-image\" src=\"https:\/\/activemakina.com\/wp-content\/uploads\/2017\/09\/foto_galeri_5-150x150.jpg\" alt=\"foto_galeri_5\" \/><\/figure><\/div><div class=\"swiper-slide\" role=\"group\" aria-roledescription=\"slide\" aria-label=\"19 \/ 22\"><figure class=\"swiper-slide-inner\"><img decoding=\"async\" class=\"swiper-slide-image\" src=\"https:\/\/activemakina.com\/wp-content\/uploads\/2017\/09\/foto_galeri_4-150x150.jpg\" alt=\"foto_galeri_4\" \/><\/figure><\/div><div class=\"swiper-slide\" role=\"group\" aria-roledescription=\"slide\" aria-label=\"20 \/ 22\"><figure class=\"swiper-slide-inner\"><img decoding=\"async\" class=\"swiper-slide-image\" src=\"https:\/\/activemakina.com\/wp-content\/uploads\/2017\/09\/foto_galeri_3-150x150.jpg\" alt=\"foto_galeri_3\" \/><\/figure><\/div><div class=\"swiper-slide\" role=\"group\" aria-roledescription=\"slide\" aria-label=\"21 \/ 22\"><figure class=\"swiper-slide-inner\"><img decoding=\"async\" class=\"swiper-slide-image\" src=\"https:\/\/activemakina.com\/wp-content\/uploads\/2017\/09\/foto_galeri_2-150x150.jpg\" alt=\"foto_galeri_2\" \/><\/figure><\/div><div class=\"swiper-slide\" role=\"group\" aria-roledescription=\"slide\" aria-label=\"22 \/ 22\"><figure class=\"swiper-slide-inner\"><img decoding=\"async\" class=\"swiper-slide-image\" src=\"https:\/\/activemakina.com\/wp-content\/uploads\/2017\/09\/foto_galeri_1-150x150.jpg\" alt=\"foto_galeri_1\" \/><\/figure><\/div>\t\t\t<\/div>\n\t\t\t\t\t\t\t\t\t\t\t\t<div class=\"elementor-swiper-button elementor-swiper-button-prev\" role=\"button\" tabindex=\"0\">\n\t\t\t\t\t\t<i aria-hidden=\"true\" class=\"eicon-chevron-left\"><\/i>\t\t\t\t\t<\/div>\n\t\t\t\t\t<div class=\"elementor-swiper-button elementor-swiper-button-next\" role=\"button\" tabindex=\"0\">\n\t\t\t\t\t\t<i aria-hidden=\"true\" class=\"eicon-chevron-right\"><\/i>\t\t\t\t\t<\/div>\n\t\t\t\t\n\t\t\t\t\t\t\t\t\t<div class=\"swiper-pagination\"><\/div>\n\t\t\t\t\t\t\t\t\t<\/div>\n\t\t\t\t\t\t<\/div>\n\t\t\t\t<\/div>\n\t\t\t\t\t<\/div>\n\t\t<\/div>\n\t\t\t\t\t<\/div>\n\t\t<\/section>\n\t\t\t\t<\/div>\n\t\t","protected":false},"excerpt":{"rendered":"<p>Active Makina Tekstil San. Tic. Ltd. \u015eti. Hakk\u0131m\u0131zda 1984 y\u0131l\u0131nda ba\u015flayan mesleki faaliyetlerimiz 33 y\u0131lda dokuma ve d\u00fcz \u00f6rme kuma\u015f, teknik tekstillerde dokunmu\u015f ve \u00f6r\u00fclm\u00fc\u015f kuma\u015flar\u0131n haz\u0131rl\u0131k a\u015famas\u0131nda sizler i\u00e7in zirve de daha ileri tekniklerin geli\u015ftirilmesinde ve zaman kay\u0131plar\u0131n\u0131n azalt\u0131lmas\u0131 noktas\u0131nda bizleri ileri ta\u015f\u0131m\u0131\u015ft\u0131r. T\u00fcrkiye&#8217;de geli\u015ftirdi\u011fimiz \u00fcr\u00fcnler ve \u00e7al\u0131\u015fan sistemlerin \u00fczerinde yapt\u0131\u011f\u0131m\u0131z \u00e7al\u0131\u015fmalar 2016 y\u0131l\u0131nda [&hellip;]<\/p>\n","protected":false},"author":4,"featured_media":0,"parent":0,"menu_order":0,"comment_status":"closed","ping_status":"closed","template":"","meta":{"om_disable_all_campaigns":false,"_monsterinsights_skip_tracking":false,"_monsterinsights_sitenote_active":false,"_monsterinsights_sitenote_note":"","_monsterinsights_sitenote_category":0,"footnotes":""},"class_list":["post-519","page","type-page","status-publish","hentry"],"_links":{"self":[{"href":"https:\/\/activemakina.com\/index.php\/wp-json\/wp\/v2\/pages\/519","targetHints":{"allow":["GET"]}}],"collection":[{"href":"https:\/\/activemakina.com\/index.php\/wp-json\/wp\/v2\/pages"}],"about":[{"href":"https:\/\/activemakina.com\/index.php\/wp-json\/wp\/v2\/types\/page"}],"author":[{"embeddable":true,"href":"https:\/\/activemakina.com\/index.php\/wp-json\/wp\/v2\/users\/4"}],"replies":[{"embeddable":true,"href":"https:\/\/activemakina.com\/index.php\/wp-json\/wp\/v2\/comments?post=519"}],"version-history":[{"count":13,"href":"https:\/\/activemakina.com\/index.php\/wp-json\/wp\/v2\/pages\/519\/revisions"}],"predecessor-version":[{"id":632,"href":"https:\/\/activemakina.com\/index.php\/wp-json\/wp\/v2\/pages\/519\/revisions\/632"}],"wp:attachment":[{"href":"https:\/\/activemakina.com\/index.php\/wp-json\/wp\/v2\/media?parent=519"}],"curies":[{"name":"wp","href":"https:\/\/api.w.org\/{rel}","templated":true}]}}